1932?
True
Is 62 a factor of 8060?
True
Does 118 divide 3894?
True
Is 7 a factor of 1092?
True
Is 36 a factor of 242?
False
Is 67 a factor of 5435?
False
Does 17 divide 1429?
False
Is 4 a factor of 73?
False
Is 312 a multiple of 4?
True
Does 5 divide 551?
False
Does 50 divide 4800?
True
Does 125 divide 17854?
False
Is 5358 a multiple of 57?
True
Is 1591 a multiple of 43?
True
Does 5 divide 23927?
False
Is 165 a multiple of 11?
True
Is 78940 a multiple of 20?
True
Is 2132 a multiple of 41?
True
Is 9 a factor of 360?
True
Is 7 a factor of 4983?
False
Is 47 a factor of 140?
False
Does 45 divide 4230?
True
Does 4 divide 912?
True
Is 8 a factor of 2077?
False
Is 19 a factor of 1710?
True
Is 6 a factor of 836?
False
Does 7 divide 1978?
False
Is 14 a factor of 27608?
True
Is 13432 a multiple of 92?
True
Is 4032 a multiple of 14?
True
Does 27 divide 702?
True
Is 70 a factor of 8477?
False
Does 59 divide 57525?
True
Is 3360 a multiple of 16?
True
Is 19740 a multiple of 84?
True
Does 36 divide 10080?
True
Is 138 a multiple of 6?
True
Is 215 a multiple of 43?
True
Is 4 a factor of 21424?
True
Is 98 a factor of 13269?
False
Is 7098 a multiple of 14?
True
Does 79 divide 2438?
False
Is 3 a factor of 73?
False
Is 2892 even?
True
Does 71 divide 700?
False
Is 28 a factor of 1217?
False
Is 41035 a multiple of 299?
False
Does 16 divide 29776?
True
Is 16560 a multiple of 92?
True
Does 8 divide 156?
False
Is 468 a multiple of 22?
False
Does 11 divide 260?
False
Is 45570 a multiple of 217?
True
Is 102 a factor of 15504?
True
Does 16 divide 7264?
True
Does 7 divide 151?
False
Is 429 a multiple of 9?
False
Is 7 a factor of 6279?
True
Is 19425 a multiple of 105?
True
Does 44 divide 16761?
False
Is 41 a factor of 10834?
False
Is 33005 a multiple of 41?
True
Is 1300 a multiple of 52?
True
Does 12 divide 6725?
False
Does 2 divide 24?
True
Is 27 a factor of 927?
False
Is 272 a multiple of 2?
True
Does 101 divide 16498?
False
Is 6 a factor of 72?
True
Does 15 divide 825?
True
Is 45 a factor of 4987?
False
Is 9757 a multiple of 8?
False
Is 18 a factor of 93882?
False
Is 13 a factor of 53010?
False
Does 34 divide 315?
False
Is 43 a factor of 5805?
True
Is 5 a factor of 450?
True
Does 182 divide 4368?
True
Does 15 divide 825?
True
Is 23852 a multiple of 268?
True
Is 6968 a multiple of 67?
True
Is 27 a factor of 20063?
False
Is 114 a multiple of 38?
True
Does 24 divide 530?
False
Is 11 a factor of 75163?
True
Does 12 divide 1851?
False
Does 13 divide 13741?
True
Is 18 a factor of 2034?
True
Is 1311 a multiple of 39?
False
Is 53665 a multiple of 94?
False
Is 2604 a multiple of 84?
True
Is 7700 a multiple of 146?
False
Is 19468 a multiple of 25?
False
Does 12 divide 1777?
False
Is 72 a factor of 385?
False
Is 18 a factor of 3456?
True
Is 169 a factor of 81965?
True
Is 41 a factor of 1366?
False
Does 34 divide 11628?
True
Does 22 divide 3883?
False
Is 225 a factor of 22445?
False
Is 12 a factor of 34326?
False
Is 9130 a multiple of 242?
False
Is 3834 a multiple of 27?
True
Is 3484 a multiple of 5?
False
Is 1005 a multiple of 14?
False
Is 12 a factor of 39360?
True
Is 2 a factor of 526?
True
Is 71 a factor of 186?
False
Is 3 a factor of 1356?
True
Is 17 a factor of 43081?
False
Does 70 divide 70?
True
Does 9 divide 572?
False
Does 70 divide 350?
True
Is 37 a factor of 984?
False
Is 4492 a multiple of 70?
False
Is 260 a multiple of 20?
True
Is 3 a factor of 4921?
False
Is 335 a multiple of 5?
True
Is 63 a factor of 25770?
False
Is 4046 a multiple of 17?
True
Is 14 a factor of 360?
False
Does 10 divide 596?
False
Does 9 divide 594?
True
Is 1868 a multiple of 13?
False
Does 33 divide 836?
False
Is 113 a factor of 9889?
False
Is 3 a factor of 10317?
True
Does 25 divide 24908?
False
Is 24189 a multiple of 33?
True
Does 31 divide 11275?
False
Is 4 a factor of 9288?
True
Is 21 a factor of 65478?
True
Is 8 a factor of 3409?
False
Is 186 a multiple of 62?
True
Is 4 a factor of 149?
False
Does 43 divide 1247?
True
Is 4 a factor of 356?
True
Is 14 a factor of 2046?
False
Is 80946 a multiple of 156?
False
Does 287 divide 39319?
True
Is 270 a multiple of 54?
True
Does 37 divide 370?
True
Does 33 divide 4334?
False
Is 132 a multiple of 43?
False
Does 130 divide 39910?
True
Does 2 divide 51?
False
Is 1200 a multiple of 100?
True
Is 4 a factor of 444?
True
Is 400 a multiple of 5?
True
Does 24 divide 1003?
False
Is 32 a factor of 2048?
True
Does 15 divide 790?
False
Is 43 a factor of 5655?
False
Does 52 divide 1352?
True
Is 14 a factor of 4141?
False
Is 672 a multiple of 28?
True
Does 84 divide 1680?
True
Is 2 a factor of 10147?
False
Does 5 divide 1460?
True
Is 2900 a multiple of 17?
False
Is 2466 a multiple of 18?
True
Is 32789 a multiple of 92?
False
Does 9 divide 90?
True
Does 97 divide 3007?
True
Is 5 a factor of 38?
False
Does 11 divide 1782?
True
Is 12 a factor of 14708?
False
Is 63 a factor of 9261?
True
Is 26 a factor of 515?
False
Is 3304 a multiple of 12?
False
Is 7 a factor of 1007?
False
Is 604 a multiple of 13?
False
Is 8100 a multiple of 20?
True
Is 23 a factor of 13708?
True
Does 48 divide 5572?
False
Is 88 a multiple of 22?
True
Is 11 a factor of 209?
True
Does 84 divide 57277?
False
Is 4513 a multiple of 48?
False
Is 852 a multiple of 142?
True
Does 45 divide 996?
False
Does 13 divide 67405?
True
Is 84315 a multiple of 21?
True
Does 21 divide 2352?
True
Does 101 divide 1045?
False
Does 40 divide 7394?
False
Is 3000 a multiple of 15?
True
Is 435 a multiple of 15?
True
Does 8 divide 18336?
True
Is 33 a factor of 4851?
True
Is 26491 a multiple of 16?
False
Is 512 a multiple of 23?
False
Is 4318 a multiple of 17?
True
Is 81513 a multiple of 9?
True
Is 76 a multiple of 76?
True
Does 6 divide 3947?
False
Is 27 a factor of 318?
False
Does 17 divide 112?
False
Is 6944 a multiple of 14?
True
Is 115545 a multiple of 15?
True
Is 179 a factor of 14678?
True
Does 61 divide 1037?
True
Does 2 divide 11733?
False
Is 59 a factor of 5133?
True
Is 47925 a multiple of 129?
False
Does 14 divide 5754?
True
Is 921 a multiple of 135?
False
Is 180 a multiple of 3?
True
Is 15 a factor of 1175?
False
Is 20 a factor of 5480?
True
Is 643 a multiple of 91?
False
Is 11670 a multiple of 10?
True
Is 35 even?
False
Does 13 divide 5491?
False
Is 5 a factor of 596?
False
Is 663 a multiple of 18?
False
Is 1332 a multiple of 9?
True
Does 13 divide 35997?
True
Is 43 a factor of 89347?
False
Does 48 divide 1936?
False
Is 4 a factor of 66?
False
Is 45 a factor of 4147?
False
Is 23 a factor of 276?
True
Does 48 divide 9936?
True
Is 5516 a multiple of 5?
False
Is 5 a factor of 12519?
False
Is 200 a factor of 24800?
True
Does 26 divide 13648?
False
Is 16 a factor of 10337?
False
Is 48 a multiple of 12?
True
Is 1404 a multiple of 18?
True
Is 2 a factor of 2620?
True
Does 3 divide 92?
False
Is 5 a factor of 408?
False
Is 1032 a multiple of 43?
True
Does 20 divide 80?
True
Is 2317 a multiple of 145?
False
Is 9 a factor of 100916?
False
Is 2 a factor of 585?
False
Is 420 a multiple of 6?
True
Does 48 divide 3792?
True
Is 3840 a multiple of 15?
True
Is 119 a multiple of 38?
False
Does 22 divide 1870?
True
Is 51 a factor of 45446?
False
Is 20 a factor of 19320?
True
Does 28 divide 72588?
False
Does 12 divide 7296?
True
Is 92 a factor of 16652?
True
Is 55 a factor of 5139?
False
Is 20 a factor of 340?
True
Does 4 divide 5199?
False
Is 32 a factor of 704?
True
Is 968 a multiple of 4?
True
Is 6 a factor of 826?
False
Is 1281 a multiple of 46?
False
Does 6 divide 11?
False
Is 741 a multiple of 63?
False
Is 6238 a multiple of 36?
False
Is 3 a factor of 110?
False
Is 27902 a multiple of 209?
False
Is 1707 a multiple of 13?
False
Does 15 divide 3203?
False
Does 33 divide 60819?
True
Does 10 divide 3410?
True
Is 3672 a multiple of 102?
True
Is 9 a factor of 972?
True
Is 1658 a multiple of 31?
False
Is 44 a factor of 968?
True
Is 1490 a multiple of 35?
False
Does 6 divide 1092?
True
Is 4 a factor of 43?
False
Is 13 a factor of 1261?
True
Does 8 divide 707?
False
Is 2879 a multiple of 224?
False
Is 7 a factor of 364?
True
Does 60 divide 47100?
True
Is 3701 a multiple of 10?
False
Is 39 a factor of 2057?
False
Is 20463 a multiple of 81?
False
Is 8 a factor of 35848?
True
Is 3 a factor of 2349?
True
Does 30 divide 3450?
True
Is 1458 a 